{"id":82,"date":"2023-01-17T14:43:09","date_gmt":"2023-01-17T13:43:09","guid":{"rendered":"https:\/\/pauline-pourquier-infirmiere.fr\/?page_id=82"},"modified":"2023-01-19T21:18:15","modified_gmt":"2023-01-19T20:18:15","slug":"infirmiere-kesaco","status":"publish","type":"page","link":"https:\/\/pauline-pourquier-infirmiere.fr\/?page_id=82","title":{"rendered":"Infirmi\u00e8re, k\u00e9saco ?"},"content":{"rendered":"\n<p>Quand on pense \u00ab\u00a0infirmi\u00e8re\u00a0\u00bb, on pense souvent \u00ab\u00a0prendre soin\u00a0\u00bb. Certes c&rsquo;est le c\u0153ur m\u00eame du m\u00e9tier, mais l&rsquo;infirmier est \u00e9galement l\u00e0 pour maintenir la sant\u00e9 et promouvoir la sant\u00e9 (comprenez par l\u00e0 : mettre en \u0153uvre des mesures de pr\u00e9vention et de sant\u00e9 publique)<\/p>\n\n\n\n<p>Depuis 2012, le dipl\u00f4me d&rsquo;infirmier est reconnu au grade de Licence, \u00e9quivalent \u00e0 un Bac+3. D&rsquo;autres dipl\u00f4mes peuvent venir compl\u00e9ter ce cursus, permettant de se sp\u00e9cialiser.<\/p>\n\n\n\n<h3 class=\"wp-block-heading\" id=\"Aupres-de-qui\">Un infirmier, pour qui ?<a href=\"https:\/\/solidarites-sante.gouv.fr\/metiers-et-concours\/les-metiers-de-la-sante\/les-fiches-metiers\/article\/infirmier#\"><\/a><\/h3>\n\n\n\n<p>L\u2019infirmier pouvant exercer dans de nombreux secteurs, en \u00e9tablissement ou en ville, les profils des personnes dont il peut s\u2019occuper sont divers&nbsp;:&nbsp;<\/p>\n\n\n\n<ul class=\"wp-block-list\">\n<li><strong>Personnes malades et\/ou hospitalis\u00e9es<\/strong>&nbsp;;<\/li>\n\n\n\n<li><strong>Personnes en situation de handicap<\/strong>&nbsp;;<\/li>\n\n\n\n<li><strong>Personnes \u00e2g\u00e9es ou en perte d\u2019autonomie<\/strong>&nbsp;;<\/li>\n\n\n\n<li><strong>Nouveaux-n\u00e9s, enfants et adolescents<\/strong>&nbsp;en structure de sant\u00e9 ou en milieu scolaire&nbsp;;<\/li>\n\n\n\n<li><strong>Salari\u00e9s<\/strong>&nbsp;en entreprise&nbsp;;<\/li>\n\n\n\n<li>Populations victimes de&nbsp;<strong>situations sanitaires exceptionnelles<\/strong>.<\/li>\n<\/ul>\n\n\n\n<h3 class=\"wp-block-heading\" id=\"Ou-peut-on-exercer-le-metier\">O\u00f9 peut-on travailler en tant qu&rsquo;infirmier&nbsp;?<a href=\"https:\/\/solidarites-sante.gouv.fr\/metiers-et-concours\/les-metiers-de-la-sante\/les-fiches-metiers\/article\/infirmier#\"><\/a><\/h3>\n\n\n\n<p>L\u2019infirmier peut exercer&nbsp;:&nbsp;<\/p>\n\n\n\n<ul class=\"wp-block-list\">\n<li>En&nbsp;<strong>\u00e9tablissement de sant\u00e9 public ou priv\u00e9<\/strong>&nbsp;;<\/li>\n\n\n\n<li>Dans le secteur m\u00e9dico-social, par exemple en&nbsp;<strong>EHPAD<\/strong>&nbsp;;<\/li>\n\n\n\n<li>En&nbsp;<strong>cabinet lib\u00e9ral<\/strong>&nbsp;et au&nbsp;<strong>domicile<\/strong>&nbsp;des patients&nbsp;;<\/li>\n\n\n\n<li>Dans un service de protection maternelle et infantile (<strong>PMI<\/strong>) ou en&nbsp;<strong>cr\u00e8che<\/strong>&nbsp;;<\/li>\n\n\n\n<li>En&nbsp;<strong>entreprise<\/strong>&nbsp;;<\/li>\n\n\n\n<li>En&nbsp;<strong>milieu scolaire<\/strong>&nbsp;(\u00e9cole primaire, coll\u00e8ge, lyc\u00e9e) et universitaire<\/li>\n\n\n\n<li>Dans une&nbsp;<strong>association humanitaire<\/strong>&nbsp;;<\/li>\n\n\n\n<li>Sur le terrain de&nbsp;<strong>catastrophes sanitaires<\/strong>&nbsp;(en \u00e9tant r\u00e9serviste).<\/li>\n<\/ul>\n\n\n\n<h3 class=\"wp-block-heading\" id=\"Quelles-missions-quotidiennes\">En quoi consiste le m\u00e9tier d&rsquo;infirmier&nbsp;?<a href=\"https:\/\/solidarites-sante.gouv.fr\/metiers-et-concours\/les-metiers-de-la-sante\/les-fiches-metiers\/article\/infirmier#\"><\/a><\/h3>\n\n\n\n<p>Quel que soit le secteur dans lequel il \u00e9volue et les personnes qu\u2019il est amen\u00e9 \u00e0 prendre en charge, l\u2019infirmier a des&nbsp;<strong>missions tr\u00e8s diversifi\u00e9es<\/strong>. Il accomplit des t\u00e2ches importantes qui permettent d\u2019\u00e9valuer, d\u2019am\u00e9liorer ou de conserver l\u2019\u00e9tat de sant\u00e9 d\u2019une personne. Les infirmi\u00e8res et infirmiers peuvent \u00e9voluer en autonomie s\u2019ils exercent en cabinet lib\u00e9ral ou en constante collaboration dans le cadre d\u2019une \u00e9quipe pluriprofessionnelle s\u2019ils exercent dans le secteur hospitalier.<\/p>\n\n\n\n<p>Concr\u00e8tement, un infirmier est amen\u00e9 par exemple \u00e0&nbsp;:&nbsp;<\/p>\n\n\n\n<ul class=\"wp-block-list\">\n<li>\u00c9tablir le&nbsp;<strong>diagnostic d\u2019un patient<\/strong>&nbsp;en collaboration avec un m\u00e9decin&nbsp;;<\/li>\n\n\n\n<li>Prodiguer divers&nbsp;<strong>soins et traitements m\u00e9dicamenteux<\/strong>&nbsp;prescrits par le m\u00e9decin&nbsp;;<\/li>\n\n\n\n<li>Effectuer des&nbsp;<strong>soins personnalis\u00e9s<\/strong>&nbsp;;<\/li>\n\n\n\n<li>Pratiquer des&nbsp;<strong>prises de sang<\/strong>&nbsp;en vue d\u2019analyses&nbsp;;<\/li>\n\n\n\n<li><strong>Organiser et coordonner l\u2019intervention d\u2019autres professionnels<\/strong>&nbsp;(dont les aides-soignants) et d\u2019accompagnants.<\/li>\n<\/ul>\n\n\n\n<h3 class=\"wp-block-heading\" id=\"Quelles-perspectives-d-evolution\">Quelles perspectives d\u2019\u00e9volution&nbsp;?<a href=\"https:\/\/solidarites-sante.gouv.fr\/metiers-et-concours\/les-metiers-de-la-sante\/les-fiches-metiers\/article\/infirmier#\"><\/a><\/h3>\n\n\n\n<p>L\u2019infirmier peut, que ce soit d\u00e8s l\u2019obtention de son dipl\u00f4me ou apr\u00e8s un temps d\u2019exercice requis, poursuivre ses formations afin de se sp\u00e9cialiser :<a href=\"https:\/\/solidarites-sante.gouv.fr\/metiers-et-concours\/les-metiers-de-la-sante\/les-fiches-metiers\/article\/infirmier#\"><\/a><\/p>\n\n\n\n<div class=\"wp-block-group\"><div class=\"wp-block-group__inner-container is-layout-constrained wp-block-group-is-layout-constrained\">\n<ul class=\"wp-block-list\">\n<li><strong>Pu\u00e9riculteur<\/strong>&nbsp;(1 an de formation, accessible directement apr\u00e8s le dipl\u00f4me)<\/li>\n\n\n\n<li><strong>Infirmier de bloc op\u00e9ratoire<\/strong>&nbsp;dipl\u00f4m\u00e9 d\u2019\u00c9tat (IBODE, 2 ans de formation, accessible directement apr\u00e8s le dipl\u00f4me)<\/li>\n\n\n\n<li>Infirmier anesth\u00e9siste dipl\u00f4m\u00e9 d\u2019\u00c9tat (IADE, 2 ans de formation, accessible apr\u00e8s 2 ann\u00e9es d&rsquo;exercice)<\/li>\n\n\n\n<li>Infirmier en pratique avanc\u00e9e (IPA, 2 ans de formation, accessible apr\u00e8s 3 ans d&rsquo;exercice)<\/li>\n\n\n\n<li>Cadre de sant\u00e9 (10 mois de formation, accessible apr\u00e8s 4 ann\u00e9es d&rsquo;exercice)<\/li>\n<\/ul>\n<\/div><\/div>\n\n\n\n<p>Pour exercer en tant qu&rsquo;infirmier lib\u00e9ral, il faut au minimum 18 mois d&rsquo;exercice en structure hospitali\u00e8re pour \u00eatre rempla\u00e7ant, 24 mois pour \u00eatre associ\u00e9.<\/p>\n\n\n\n<p><em>Sources : <a href=\"https:\/\/solidarites-sante.gouv.fr\/metiers-et-concours\/les-metiers-de-la-sante\/les-fiches-metiers\/article\/infirmier\">https:\/\/solidarites-sante.gouv.fr\/metiers-et-concours\/les-metiers-de-la-sante\/les-fiches-metiers\/article\/infirmier<\/a><\/em><\/p>\n","protected":false},"excerpt":{"rendered":"<p>Quand on pense \u00ab\u00a0infirmi\u00e8re\u00a0\u00bb, on pense souvent \u00ab\u00a0prendre soin\u00a0\u00bb. Certes c&rsquo;est le c\u0153ur m\u00eame du m\u00e9tier, mais l&rsquo;infirmier est \u00e9galement l\u00e0 pour maintenir la sant\u00e9 et promouvoir la sant\u00e9 (comprenez par l\u00e0 : mettre en \u0153uvre des mesures de pr\u00e9vention et de sant\u00e9 publique) Depuis 2012, le dipl\u00f4me d&rsquo;infirmier est reconnu au grade de Licence, &hellip; <\/p>\n","protected":false},"author":1,"featured_media":0,"parent":0,"menu_order":0,"comment_status":"closed","ping_status":"closed","template":"","meta":{"footnotes":""},"class_list":["post-82","page","type-page","status-publish","hentry"],"_links":{"self":[{"href":"https:\/\/pauline-pourquier-infirmiere.fr\/index.php?rest_route=\/wp\/v2\/pages\/82","targetHints":{"allow":["GET"]}}],"collection":[{"href":"https:\/\/pauline-pourquier-infirmiere.fr\/index.php?rest_route=\/wp\/v2\/pages"}],"about":[{"href":"https:\/\/pauline-pourquier-infirmiere.fr\/index.php?rest_route=\/wp\/v2\/types\/page"}],"author":[{"embeddable":true,"href":"https:\/\/pauline-pourquier-infirmiere.fr\/index.php?rest_route=\/wp\/v2\/users\/1"}],"replies":[{"embeddable":true,"href":"https:\/\/pauline-pourquier-infirmiere.fr\/index.php?rest_route=%2Fwp%2Fv2%2Fcomments&post=82"}],"version-history":[{"count":6,"href":"https:\/\/pauline-pourquier-infirmiere.fr\/index.php?rest_route=\/wp\/v2\/pages\/82\/revisions"}],"predecessor-version":[{"id":156,"href":"https:\/\/pauline-pourquier-infirmiere.fr\/index.php?rest_route=\/wp\/v2\/pages\/82\/revisions\/156"}],"wp:attachment":[{"href":"https:\/\/pauline-pourquier-infirmiere.fr\/index.php?rest_route=%2Fwp%2Fv2%2Fmedia&parent=82"}],"curies":[{"name":"wp","href":"https:\/\/api.w.org\/{rel}","templated":true}]}}